 73 = -u - 3*u, d*n = 2*u + 35. Let r = u - -33. Calculate the remainder when 18 is divided by r.
7
Let g = 695 + -684. What is the remainder when 338 is divided by g?
8
Let z(p) = p**3 + 6*p**2 + 2*p - 7. Let h be z(-5). Suppose -h*x = -38 - 50. Calculate the remainder when 42 is divided by x.
9
Let k be -22 + -1 + 2/1. Let u = k - 41. Calculate the remainder when (-12)/(-18) + u/(-6) is divided by 7.
4
Let q(r) = -3*r**3 + 108*r**2 + 9*r - 303. What is the remainder when 64 - 2*-1*-1 is divided by q(36)?
20
Let i(o) = 2*o - 12. Let a be 2 + (4 + 0 - 0). Let b be i(a). Suppose v + b*v = 9. Calculate the remainder when 35 is divided by v.
8
Suppose 95 + 92 = 11*y. What is the remainder when 163 is divided by y?
10
Suppose -7*q + 3*q - 46 = -k, 2*q = 10. Let b be (138/(-4))/(1/(8/(-6))). Let j = -29 + b. What is the remainder when k is divided by j?
15
What is the remainder when 4/(-14) - 177/(-7) is divided by 5/6*8 - 24/(-72)?
4
Suppose 0 = 5*g + 6*b - 2*b - 259, -3*b = -3. Calculate the remainder when 152 is divided by g.
50
Suppose -4*i = -3*h - 83, 10*h - 11*h = -i + 22. What is the remainder when i is divided by 17?
0
Let g = 998 + -790. What is the remainder when g is divided by 48?
16
Suppose 0 = -4*y - 18 + 50. Calculate the remainder when 45 is divided by y.
5
Let r(p) = -15*p + 3. Suppose -3*h - 718 = -0*h + 4*a, 2*h + 474 = 2*a. Let x = h - -254. What is the remainder when r(-4) is divided by x?
15
Suppose d - 4*k = 25, -k = 4*d + 3*k - 60. Let s(w) = 5*w**2 - 17*w**2 + 13*w**2. What is the remainder when d is divided by s(-3)?
8
Let t = -47 + 74. What is the remainder when 347 is divided by t?
23
Let n = 22 - 19. Suppose -5*x - 14 = -y - 2, -24 = n*x + 5*y. Calculate the remainder when 30 is divided by 4/x*(-2 - 4).
6
Suppose 12 = 3*l - 3. What is the remainder when 442/l + (-4)/10 is divided by 30?
28
Suppose -5*k + 56 = -2*s + s, -3*k = 4*s - 29. Calculate the remainder when k is divided by 3/((-2)/(-4)*1).
5
Suppose -12*o - 29 = -13*o + 4*n, -5*o + 5*n + 115 = 0. Calculate the remainder when 146 is divided by o.
20
Let y(j) = 6*j + 6. Let v be -3 - -2*4*2. Suppose 0 = -t + v - 4. What is the remainder when y(3) is divided by t?
6
Suppose -2*f = -3*f + 4. Let o = 1009 + -1001. What is the remainder when o is divided by 6/f*4/2?
2
Let r = 617 - 610. Calculate the remainder when 936 is divided by r.
5
Suppose -5*j - 934 = -3*y, -15 = 2*j + j. Suppose 5*g - 2*g = -3*g. Suppose -4*l + y = 5*z, g*l + 405 = 5*l + z. What is the remainder when l is divided by 12?
10
Suppose 15*i + 1846 = 28*i. What is the remainder when i is divided by 21?
16
Let b(p) = p**2 + 7*p + 10. Let z = -35 + 30. Let v be b(z). Suppose 87 = -v*l + 3*l. Calculate the remainder when l is divided by 10.
9
Suppose -2*n + 4*x = -4, x = 4*n + 3*x + 32. What is the remainder when 35 is divided by 0 + (-1)/(3/(-6)) - n?
3
Let s(d) = -d**2 - 9*d + 11. Suppose -3*v + 2*v + 10 = 0. What is the remainder when s(-8) is divided by v?
9
Calculate the remainder when 12/27 - (-9611)/63 is divided by 40.
33
Let d(w) = w**2 + 16*w. Let t be d(-16). Suppose 2*m - 6 = -t*m. What is the remainder when m is divided by 1?
0
What is the remainder when (261/7 + -1)/((-2)/(-7)) is divided by 4?
3
Let b(z) = -8*z + 5. Let u(i) = -i. Let j(f) = -b(f) + 2*u(f). Let m = 142 - 134. Calculate the remainder when j(m) is divided by 23.
20
Let g = -1501 - -1678. Calculate the remainder when g is divided by 20.
17
Let q(u) = u**2 + 28*u - 237. What is the remainder when 100 is divided by q(7)?
4
Let z(w) = -w + 2. Let n be z(5). What is the remainder when (31 - (0 - -2)) + n/(-1) is divided by 18?
14
Let w be (-20)/6*((-9)/(-6) + -3). Calculate the remainder when 175 is divided by (-33)/(-45)*6*w.
21
Suppose o - 10*k - 67 = -5*k, 226 = 4*o + k. Suppose -62*s + 345 = -o*s. Calculate the remainder when s is divided by 24.
21
Suppose 0 = 11*u - 76 + 21. What is the remainder when 27 is divided by u?
2
Suppose -69 - 8 = -7*m. Let w = m + 13. Calculate the remainder when 69 is divided by w.
21
Let d(f) = f**3 - 2*f**2 + 2*f + 87. What is the remainder when d(0) is divided by 23?
18
Let x(s) = -82*s - 1. Let n be x(-1). What is the remainder when (-3)/9 - (-30)/9 is divided by (-3*(-6)/n)/((-3)/(-27))?
1
Suppose -3*y - 423 = -5*x, -x + y + 27 = -58. Let c = 9 + -4. Let g(h) = h**2 - h - 3. What is the remainder when x is divided by g(c)?
16
Suppose 271 = 4*q - 381. Calculate the remainder when q is divided by 51.
10
Let a(d) = 3*d + 5. Let p(j) = 17*j**2 - 3*j + 2. Suppose 5*k - 17 = u, -14 - 2 = 2*u - 4*k. What is the remainder when p(u) is divided by a(5)?
16
Let g be 12/9 + 8/12*-5. Calculate the remainder when 45 is divided by (2/(-6))/(g - (-385)/195).
6
Suppose -5*a = 1 - 46. Let x = 132 - 88. Calculate the remainder when x is divided by 0 + -2 - (-8 - a).
14
Calculate the remainder when 41 is divided by (-2)/(1 - (-54)/(-48)).
9
Let w(g) be the first derivative of g**4/4 + 5*g**3/3 + 2*g**2 + 3*g - 2. What is the remainder when (-3*2/(-9))/(26/1014) is divided by w(-2)?
5
Let u = 85 + -80. Calculate the remainder when ((-2)/(-2))/(u - 2272/456) is divided by 16.
9
Let x(a) = 3*a**2 - 35*a - 117. Calculate the remainder when 21 is divided by x(-3).
6
Let n = -2096 + 2102. Let m(r) = -r**3 + 6*r**2 - r + 1. What is the remainder when m(3) is divided by n?
1
Suppose 44 + 19 = 3*b. Let h = b + -6. Suppose -90*s = -7*s - 5*s - 312. What is the remainder when h is divided by s?
3
Suppose 5*n + 3*y - 7 = -110, 2*n = 4*y - 36. Calculate the remainder when 119 is divided by (n/3)/((-24)/108).
29
Let q = 27 - -29. Let g(a) = 4*a - 29. What is the remainder when q is divided by g(12)?
18
Suppose -17*b = -1721 + 446. Calculate the remainder when b is divided by 10.
5
Suppose 4*y + 210 - 820 = i, 3*i - 5*y = -1851. Let p = 872 + i. Suppose -2*z = 3*z + 5*t - p, z - t = 40. What is the remainder when z is divided by 23?
22
Let m = 9 - 21. Let n = -20 - m. Let v = n - -11. What is the remainder when 5 is divided by v?
2
Let d = 94 - 31. Suppose 4*i - d = 3*i. What is the remainder when i is divided by 13?
11
Suppose -a = -3*m - 33, -4*m = 4*a - 3*a - 19. Calculate the remainder when a is divided by 3.
0
Suppose -v + 12 = -3*z - 0*z, 0 = 2*v + 2*z - 40. Suppose 0 = 2*m + i - v, 4*m + i = -0*m + 40. What is the remainder when m is divided by 7?
4
Suppose 8*b + 2 = 306. Let f = -16 + b. What is the remainder when 63 is divided by f?
19
Let k = 12 - 9. Let a = 8 + -5. Suppose -4*m - 35 = -a*q, -q + 3 + 14 = -4*m. What is the remainder when q is divided by k?
0
Suppose -7*w + 8*w - 2 = 0. Suppose 7 = w*t + 3. Suppose -t = 4*r - 6. Calculate the remainder when 2 is divided by r.
0
Suppose 4*l - 6*l = -26. Let c be 3/6*(25 - 1). Suppose 0 = 3*s + 3*q - 21, -4*s + 0*q + c = -4*q. What is the remainder when l is divided by s?
3
Let i(t) = -t**2 - 19*t - 15. Let p be i(-18). Let d(z) = 9*z + 11. What is the remainder when d(p) is divided by 13?
12
Let d = -3 + 7. Suppose d*i - 40 = 96. Calculate the remainder when i is divided by 12.
10
Let y = -637 - -706. Calculate the remainder when 548 is divided by y.
65
Suppose -2*a - 5*n = -33, 4*a - 136 = 3*n - 31. Calculate the remainder when 136 is divided by a.
16
Let u(c) = c**3 + 4*c**2 + 5*c + 1. Let w be u(-2). What is the remainder when (-3 - (-5 + w)) + 92 is divided by 50?
45
Suppose -3*g + 2*r = -19, 5*g + 2*r = 4*g + 17. Suppose 0 = -3*p + g, 3*k - 34 + 10 = -4*p. Calculate the remainder when 14 is divided by k.
2
Suppose q - 4*q + 129 = -3*z, 39 = q - 3*z. What is the remainder when 673 is divided by q?
43
Suppose -t = 3*n - 282 - 10, 4*n - 401 = t. Let x = n - 97. Calculate the remainder when 2 is divided by x.
0
Let m(p) = 43*p - 2. Let u be m(1). Suppose 5*r - o - u = 0, 2*o + 14 = 2*r + 4*o. Calculate the remainder when 34 is divided by r.
2
Suppose 21*t + 3 = 18*t. Let n(v) = 9*v**2 + 1. Suppose -i = 3*i - 5*r - 181, 0 = -2*i - 5*r + 53. Calculate the remainder when i is divided by n(t).
9
Calculate the remainder when (18/(-15))/((-6)/220) is divided by 6.
2
Let w(y) = 5*y + 2. What is the remainder when 300 is divided by w(1)?
6
Let z = -1 - -4. Suppose -u - 150 = -6*u + 3*i, -z*u = -3*i - 96. Let m = 347 - 240. What is the remainder when m is divided by u?